 125191485?
2635
What is the greatest common divisor of 1888 and 533152?
32
What is the greatest common factor of 456 and 1127444?
4
Calculate the highest common divisor of 3883286 and 64751.
887
What is the highest common divisor of 719991 and 45?
9
What is the highest common factor of 3958568 and 6680?
1336
Calculate the greatest common factor of 32080988 and 4.
4
What is the greatest common divisor of 195360740 and 1135?
1135
Calculate the highest common factor of 1214 and 2477190066.
1214
What is the greatest common divisor of 396 and 5918803?
11
What is the greatest common divisor of 240 and 8051160?
120
Calculate the greatest common factor of 52622 and 151309.
83
What is the highest common factor of 52158863 and 777?
37
Calculate the highest common factor of 125496 and 183596.
2324
What is the greatest common divisor of 22167 and 1779867?
27
Calculate the highest common factor of 40381239 and 1275.
51
Calculate the greatest common divisor of 524562998 and 2.
2
What is the highest common divisor of 16309606 and 712?
178
What is the highest common divisor of 5593213 and 21659?
179
What is the greatest common divisor of 114 and 12109802?
38
What is the highest common factor of 356240 and 388?
4
What is the greatest common divisor of 689407 and 31947?
463
What is the highest common factor of 2266 and 1478026?
22
Calculate the greatest common divisor of 1455 and 2763375.
15
What is the highest common divisor of 17825 and 154225?
775
What is the greatest common divisor of 18736 and 700698296?
9368
What is the greatest common divisor of 15853 and 1115822?
191
What is the greatest common factor of 537209364 and 444?
444
Calculate the highest common factor of 53471820 and 24.
12
What is the greatest common divisor of 41868 and 6955903?
1163
Calculate the greatest common factor of 7663 and 3470707.
79
Calculate the highest common factor of 247 and 1102437.
19
Calculate the greatest common factor of 1767 and 17521439.
19
Calculate the greatest common divisor of 14 and 7089313.
7
Calculate the highest common factor of 12 and 1858422.
6
What is the highest common factor of 3266450 and 12650?
550
What is the highest common factor of 2028424 and 6?
2
What is the greatest common factor of 72140 and 3060?
20
What is the greatest common divisor of 420 and 9344640?
60
Calculate the highest common divisor of 4171260 and 124260.
1140
What is the highest common divisor of 92 and 6655027?
23
Calculate the highest common divisor of 100 and 3368620.
20
What is the greatest common divisor of 112469701 and 92?
23
What is the highest common factor of 1999094 and 70252?
386
What is the highest common divisor of 1588240 and 56?
8
Calculate the greatest common factor of 705 and 64912593.
141
What is the highest common factor of 91029 and 40071?
57
What is the greatest common factor of 5687147 and 50492?
971
What is the greatest common factor of 2879 and 34859?
1
What is the highest common divisor of 3132 and 70045788?
348
What is the greatest common divisor of 10892734 and 87712?
5482
Calculate the highest common factor of 1592952 and 5046.
6
Calculate the greatest common factor of 14225498 and 68.
34
Calculate the greatest common factor of 3975 and 5781150.
75
Calculate the highest common divisor of 2484 and 3678183.
621
Calculate the greatest common factor of 1969070 and 50.
10
What is the highest common divisor of 42365459 and 6631?
6631
Calculate the highest common factor of 1734651 and 15714.
873
Calculate the greatest common factor of 217809582 and 12.
6
Calculate the highest common divisor of 24973 and 50042954.
1469
What is the highest common divisor of 4683 and 34565?
223
Calculate the greatest common divisor of 70 and 1229004.
14
What is the highest common divisor of 16205 and 10844386?
3241
Calculate the highest common divisor of 545065 and 130.
5
What is the greatest common factor of 110760858 and 4212?
2106
Calculate the greatest common divisor of 1960669480 and 88.
88
Calculate the greatest common divisor of 5175 and 6503825.
575
What is the greatest common divisor of 40003068 and 35868?
5124
Calculate the highest common factor of 38082 and 21.
3
What is the greatest common divisor of 38612 and 1280860?
196
What is the greatest common divisor of 3968 and 9158888?
248
Calculate the greatest common divisor of 233835 and 151130.
595
Calculate the greatest common divisor of 216 and 1268296.
8
What is the greatest common divisor of 6059775 and 120?
15
Calculate the highest common divisor of 3755 and 81194365.
3755
What is the highest common divisor of 25593280 and 432?
16
Calculate the greatest common factor of 9252 and 5937471.
2313
What is the greatest common factor of 16787008 and 126?
14
What is the highest common factor of 82620 and 1015120?
20
Calculate the highest common divisor of 42295 and 75680.
55
Calculate the highest common factor of 62550 and 228794.
278
What is the greatest common divisor of 2924304 and 48?
48
What is the greatest common divisor of 5520 and 2499870?
690
Calculate the highest common divisor of 3534 and 188295054.
3534
Calculate the greatest common factor of 14399 and 2338401.
17
What is the greatest common factor of 346996 and 12038?
26
Calculate the highest common divisor of 59066 and 44523107.
4219
What is the highest common divisor of 60 and 3127740?
60
Calculate the highest common factor of 37366 and 127211.
119
Calculate the greatest common divisor of 4018 and 4762261.
49
What is the highest common factor of 1984 and 67532849?
31
Calculate the highest common divisor of 146224413 and 108.
27
Calculate the highest common divisor of 43624 and 3703448.
2296
What is the greatest common factor of 787 and 23138587?
787
Calculate the highest common factor of 376184 and 148680.
472
Calculate the highest common factor of 8 and 4333604848.
8
What is the highest common factor of 1161 and 61615173?
129
What is the greatest common factor of 1525 and 863?
1
What is the highest common divisor of 1358920 and 44520?
2120
Calculate the highest common factor of 572793 and 455.
13
What is the highest common factor of 99972168 and 244?
244
Calculate the greatest common divisor of 3877109 and 27695.
191
Calculate the greatest common divisor of 108289150 and 100.
50
Calculate the highest common divisor of 103941045 and 390.
195
Calculate the highest common divisor of 238 and 325724.
14
Calculate the greatest common divisor of 5005471 and 14282.
37
What is the highest common factor of 95315 and 7205?
55
Calculate the highest common divisor of 54394 and 853.
1
Calculate the greatest common divisor of 3727170 and 1280.
10
Calculate the highest common factor of 3589113 and 1661.
11
Calculate the highest common divisor of 302557451 and 3031.
3031
What is the greatest common divisor of 1540 and 747105590?
770
Calculate the greatest common factor of 6445188 and 10620.
36
What is the highest common divisor of 8476 and 837314374?
4238
Calculate the greatest common factor of 136 and 5575898.
34
What is the highest common factor of 6368615 and 275?
55
What is the greatest common divisor of 29799 and 28132965?
2709
Calculate the greatest common factor of 35173800 and 25.
25
Calculate the greatest common divisor of 1791200 and 80800.
800
What is the highest common factor of 31296 and 892914?
978
What is the greatest common factor of 325 and 3129425?
325
What is the highest common factor of 701 and 13603606?
701
What is the highest common divisor of 230275796 and 5089?
727
Calculate the highest common divisor of 321 and 7451801.
107
Calculate the greatest common divisor of 5680064 and 36608.
832
Calculate the greatest common divisor of 90 and 78735402.
18
Calculate the greatest common divisor of 125807520 and 160.
160
What is the highest common factor of 595192 and 13910?
26
What is the greatest common factor of 11120 and 15298896?
2224
What is the greatest common divisor of 230822000 and 200?
200
Calculate the greatest common factor of 1518384 and 8736.
336
Calculate the greatest common factor of 67377 and 30562.
37
What is the highest common factor of 897129236 and 17?
17
Calculate the highest common factor of 119895144 and 991.
991
What is the greatest common factor of 63843 and 484552?
1637
Calculate the highest common factor of 16 and 61358536.
8
Calc